{"id":2,"date":"2017-08-15T13:51:33","date_gmt":"2017-08-15T11:51:33","guid":{"rendered":"http:\/\/lydiepatonnier.fr\/?page_id=2"},"modified":"2021-07-31T12:54:53","modified_gmt":"2021-07-31T10:54:53","slug":"page-d-exemple","status":"publish","type":"page","link":"https:\/\/lydiepatonnier.fr\/?page_id=2","title":{"rendered":"Peintures murales"},"content":{"rendered":"<h6><span style=\"font-size: 12pt;\"><span style=\"font-size: 10pt;\">Particulier : Conservation\/Restauration d&rsquo;un d\u00e9cor peint sur pl\u00e2tre.<\/span><\/span><\/h6>\n<h6><img loading=\"lazy\" class=\"alignnone  wp-image-518\" src=\"http:\/\/lydiepatonnier.fr\/wp-content\/uploads\/2021\/07\/Conservation-300x98.jpg\" alt=\"\" width=\"459\" height=\"150\" srcset=\"https:\/\/lydiepatonnier.fr\/wp-content\/uploads\/2021\/07\/Conservation-300x98.jpg 300w, https:\/\/lydiepatonnier.fr\/wp-content\/uploads\/2021\/07\/Conservation-700x229.jpg 700w, https:\/\/lydiepatonnier.fr\/wp-content\/uploads\/2021\/07\/Conservation-768x251.jpg 768w, https:\/\/lydiepatonnier.fr\/wp-content\/uploads\/2021\/07\/Conservation.jpg 1530w\" sizes=\"(max-width: 459px) 100vw, 459px\" \/><img loading=\"lazy\" class=\"alignnone  wp-image-517\" style=\"color: inherit; font-size: 0.8em;\" src=\"http:\/\/lydiepatonnier.fr\/wp-content\/uploads\/2021\/07\/Conservation-Restauration-300x300.png\" alt=\"\" width=\"460\" height=\"460\" srcset=\"https:\/\/lydiepatonnier.fr\/wp-content\/uploads\/2021\/07\/Conservation-Restauration-300x300.png 300w, https:\/\/lydiepatonnier.fr\/wp-content\/uploads\/2021\/07\/Conservation-Restauration-700x700.png 700w, https:\/\/lydiepatonnier.fr\/wp-content\/uploads\/2021\/07\/Conservation-Restauration-150x150.png 150w, https:\/\/lydiepatonnier.fr\/wp-content\/uploads\/2021\/07\/Conservation-Restauration-768x768.png 768w, https:\/\/lydiepatonnier.fr\/wp-content\/uploads\/2021\/07\/Conservation-Restauration.png 900w\" sizes=\"(max-width: 460px) 100vw, 460px\" \/><\/h6>\n<div><span style=\"font-size: 12pt;\"><strong><span style=\"font-size: 10pt;\">Chantier r\u00e9alis\u00e9 au sein de l&rsquo;atelier Art Culture &amp; Patrimoine<\/span><\/strong><\/span><\/div>\n<div>\u00a0<\/div>\n<div><span style=\"font-size: 12pt;\"><strong>Cath\u00e9drale Notre Dame de Nazareth &#8211; Orange Vaucluse (84)<\/strong><\/span><\/div>\n<div><span style=\"font-size: 10pt;\">Travaux de conservation\/Restauration &#8211; Epoque 19\u00e8me si\u00e8cle<\/span><\/div>\n<div><span style=\"font-size: 10pt;\">Conductrice de travaux <\/span><span style=\"font-size: 13.333333015441895px;\">\u00a0<\/span><span style=\"font-size: 13.333333015441895px;\">2017\/2018<\/span><span style=\"font-size: 10pt;\">.<\/span><\/div>\n<div><strong class=\"block\"><span style=\"font-size: 10pt;\">Ma\u00eetrise d&rsquo;\u0152uvre :<\/span>\u00a0<\/strong><span style=\"font-size: 10pt;\">Architecte en Chef des Monuments Historiques, Didier REPELLIN.<\/span><\/div>\n<div>\u00a0<\/div>\n<div><span style=\"font-size: 13.333333015441895px;\">Chapelle des fonts baptismaux<\/span><\/div>\n<div><img loading=\"lazy\" class=\"alignnone wp-image-416\" src=\"http:\/\/lydiepatonnier.fr\/wp-content\/uploads\/2018\/07\/Vue-densemble-apr\u00e8s-retouche-picturale18-225x300.jpg\" alt=\"\" width=\"270\" height=\"360\" srcset=\"https:\/\/lydiepatonnier.fr\/wp-content\/uploads\/2018\/07\/Vue-densemble-apr\u00e8s-retouche-picturale18-225x300.jpg 225w, https:\/\/lydiepatonnier.fr\/wp-content\/uploads\/2018\/07\/Vue-densemble-apr\u00e8s-retouche-picturale18-768x1024.jpg 768w, https:\/\/lydiepatonnier.fr\/wp-content\/uploads\/2018\/07\/Vue-densemble-apr\u00e8s-retouche-picturale18-700x934.jpg 700w, https:\/\/lydiepatonnier.fr\/wp-content\/uploads\/2018\/07\/Vue-densemble-apr\u00e8s-retouche-picturale18.jpg 1181w\" sizes=\"(max-width: 270px) 100vw, 270px\" \/>\u00a0 \u00a0 \u00a0 \u00a0<img loading=\"lazy\" class=\"alignnone wp-image-418\" src=\"http:\/\/lydiepatonnier.fr\/wp-content\/uploads\/2018\/07\/Vue-densemble-apr\u00e8s-retouche-picturale21-225x300.jpg\" alt=\"\" width=\"270\" height=\"360\" srcset=\"https:\/\/lydiepatonnier.fr\/wp-content\/uploads\/2018\/07\/Vue-densemble-apr\u00e8s-retouche-picturale21-225x300.jpg 225w, https:\/\/lydiepatonnier.fr\/wp-content\/uploads\/2018\/07\/Vue-densemble-apr\u00e8s-retouche-picturale21-768x1024.jpg 768w, https:\/\/lydiepatonnier.fr\/wp-content\/uploads\/2018\/07\/Vue-densemble-apr\u00e8s-retouche-picturale21-700x933.jpg 700w, https:\/\/lydiepatonnier.fr\/wp-content\/uploads\/2018\/07\/Vue-densemble-apr\u00e8s-retouche-picturale21.jpg 886w\" sizes=\"(max-width: 270px) 100vw, 270px\" \/><\/div>\n<div><span style=\"font-size: 13.333333015441895px;\">Mur occidental<\/span><\/div>\n<div><img loading=\"lazy\" class=\"alignnone size-medium wp-image-430\" src=\"http:\/\/lydiepatonnier.fr\/wp-content\/uploads\/2018\/07\/IMG_2361-225x300.jpg\" alt=\"\" width=\"225\" height=\"300\" srcset=\"https:\/\/lydiepatonnier.fr\/wp-content\/uploads\/2018\/07\/IMG_2361-225x300.jpg 225w, https:\/\/lydiepatonnier.fr\/wp-content\/uploads\/2018\/07\/IMG_2361-768x1024.jpg 768w, https:\/\/lydiepatonnier.fr\/wp-content\/uploads\/2018\/07\/IMG_2361-700x933.jpg 700w, https:\/\/lydiepatonnier.fr\/wp-content\/uploads\/2018\/07\/IMG_2361.jpg 886w\" sizes=\"(max-width: 225px) 100vw, 225px\" \/>\u00a0 \u00a0<img loading=\"lazy\" class=\"alignnone size-medium wp-image-431\" src=\"http:\/\/lydiepatonnier.fr\/wp-content\/uploads\/2018\/07\/IMG_3079-225x300.jpg\" alt=\"\" width=\"225\" height=\"300\" srcset=\"https:\/\/lydiepatonnier.fr\/wp-content\/uploads\/2018\/07\/IMG_3079-225x300.jpg 225w, https:\/\/lydiepatonnier.fr\/wp-content\/uploads\/2018\/07\/IMG_3079-768x1024.jpg 768w, https:\/\/lydiepatonnier.fr\/wp-content\/uploads\/2018\/07\/IMG_3079-700x934.jpg 700w, https:\/\/lydiepatonnier.fr\/wp-content\/uploads\/2018\/07\/IMG_3079.jpg 1181w\" sizes=\"(max-width: 225px) 100vw, 225px\" \/><\/div>\n\n\n<figure class=\"wp-block-image size-large is-resized\"><img loading=\"lazy\" src=\"http:\/\/lydiepatonnier.fr\/wp-content\/uploads\/2021\/07\/Apre\u0300s-interv-Orange-700x525.jpg\" alt=\"\" class=\"wp-image-513\" width=\"466\" height=\"350\" srcset=\"https:\/\/lydiepatonnier.fr\/wp-content\/uploads\/2021\/07\/Apre\u0300s-interv-Orange-700x525.jpg 700w, https:\/\/lydiepatonnier.fr\/wp-content\/uploads\/2021\/07\/Apre\u0300s-interv-Orange-300x225.jpg 300w, https:\/\/lydiepatonnier.fr\/wp-content\/uploads\/2021\/07\/Apre\u0300s-interv-Orange-768x576.jpg 768w, https:\/\/lydiepatonnier.fr\/wp-content\/uploads\/2021\/07\/Apre\u0300s-interv-Orange-1536x1152.jpg 1536w, https:\/\/lydiepatonnier.fr\/wp-content\/uploads\/2021\/07\/Apre\u0300s-interv-Orange.jpg 1600w\" sizes=\"(max-width: 466px) 100vw, 466px\" \/><\/figure>\n\n\n\n<p><span style=\"font-size: 13.333333015441895px;\">Chapelle St Antoine<\/span><\/p>\n\n\n\n<figure class=\"wp-block-image size-large is-resized\"><img loading=\"lazy\" src=\"http:\/\/lydiepatonnier.fr\/wp-content\/uploads\/2021\/07\/Apre\u0300s-intevention-2-700x933.jpg\" alt=\"\" class=\"wp-image-508\" width=\"468\" height=\"624\" srcset=\"https:\/\/lydiepatonnier.fr\/wp-content\/uploads\/2021\/07\/Apre\u0300s-intevention-2-700x933.jpg 700w, https:\/\/lydiepatonnier.fr\/wp-content\/uploads\/2021\/07\/Apre\u0300s-intevention-2-225x300.jpg 225w, https:\/\/lydiepatonnier.fr\/wp-content\/uploads\/2021\/07\/Apre\u0300s-intevention-2-768x1024.jpg 768w, https:\/\/lydiepatonnier.fr\/wp-content\/uploads\/2021\/07\/Apre\u0300s-intevention-2.jpg 886w\" sizes=\"(max-width: 468px) 100vw, 468px\" \/><\/figure>\n","protected":false},"excerpt":{"rendered":"<p>Particulier : Conservation\/Restauration d&rsquo;un d\u00e9cor peint sur pl\u00e2tre. Chantier r\u00e9alis\u00e9 au sein de l&rsquo;atelier Art Culture &amp; Patrimoine \u00a0 Cath\u00e9drale Notre Dame de Nazareth &#8211; Orange Vaucluse (84) Travaux de conservation\/Restauration &#8211; Epoque 19\u00e8me si\u00e8cle Conductrice de travaux \u00a02017\/2018. Ma\u00eetrise d&rsquo;\u0152uvre :\u00a0Architecte en Chef des Monuments Historiques, Didier REPELLIN. \u00a0 Chapelle des fonts baptismaux \u00a0 [&hellip;]<\/p>\n","protected":false},"author":1,"featured_media":0,"parent":377,"menu_order":1,"comment_status":"closed","ping_status":"closed","template":"","meta":[],"_links":{"self":[{"href":"https:\/\/lydiepatonnier.fr\/index.php?rest_route=\/wp\/v2\/pages\/2"}],"collection":[{"href":"https:\/\/lydiepatonnier.fr\/index.php?rest_route=\/wp\/v2\/pages"}],"about":[{"href":"https:\/\/lydiepatonnier.fr\/index.php?rest_route=\/wp\/v2\/types\/page"}],"author":[{"embeddable":true,"href":"https:\/\/lydiepatonnier.fr\/index.php?rest_route=\/wp\/v2\/users\/1"}],"replies":[{"embeddable":true,"href":"https:\/\/lydiepatonnier.fr\/index.php?rest_route=%2Fwp%2Fv2%2Fcomments&post=2"}],"version-history":[{"count":90,"href":"https:\/\/lydiepatonnier.fr\/index.php?rest_route=\/wp\/v2\/pages\/2\/revisions"}],"predecessor-version":[{"id":522,"href":"https:\/\/lydiepatonnier.fr\/index.php?rest_route=\/wp\/v2\/pages\/2\/revisions\/522"}],"up":[{"embeddable":true,"href":"https:\/\/lydiepatonnier.fr\/index.php?rest_route=\/wp\/v2\/pages\/377"}],"wp:attachment":[{"href":"https:\/\/lydiepatonnier.fr\/index.php?rest_route=%2Fwp%2Fv2%2Fmedia&parent=2"}],"curies":[{"name":"wp","href":"https:\/\/api.w.org\/{rel}","templated":true}]}}